5 divide 93966273?
False
Is 735 a factor of 172962263?
False
Is 244 a factor of 26876356?
True
Does 23 divide 169372253?
True
Is 3571 a factor of 827636386?
True
Is 1007600374 a multiple of 7678?
False
Is 3364578 a multiple of 138?
True
Does 64 divide 4941062633?
False
Is 12564272 a multiple of 16?
True
Is 18762139 a multiple of 4?
False
Is 6262702947 a multiple of 144?
False
Is 35381022 a multiple of 129?
False
Is 2 a factor of 5859110?
True
Is 176 a factor of 46988128?
True
Is 1061893712 a multiple of 331?
False
Is 578892 a multiple of 57?
True
Does 49 divide 544694124?
False
Is 285376264 a multiple of 71?
True
Is 4771935 a multiple of 9?
True
Is 574496010 a multiple of 54?
True
Is 23743998 a multiple of 11?
False
Is 78215933 a multiple of 2611?
False
Is 25966304 a multiple of 592?
True
Does 8 divide 772701132?
False
Does 10 divide 28490477?
False
Is 78909160 a multiple of 37?
True
Is 195516 a multiple of 12?
True
Does 1214 divide 247544349?
False
Is 172665480 a multiple of 260?
True
Is 4922208 a multiple of 12?
True
Does 40 divide 25117800?
True
Does 5 divide 453434304?
False
Does 21 divide 35075943?
True
Does 82 divide 314466474?
True
Does 144 divide 15004425?
False
Is 45486412 a multiple of 1252?
True
Is 49448918 a multiple of 1181?
False
Is 3041 a factor of 293450139?
False
Does 236 divide 5319204?
True
Does 2 divide 5557853?
False
Is 649033152 a multiple of 1704?
True
Does 505 divide 216368797?
False
Does 64 divide 50130186?
False
Does 5 divide 1902165963?
False
Is 161941923 a multiple of 4961?
True
Is 343 a factor of 120524128?
False
Does 173 divide 729013752?
False
Is 1705 a factor of 974327365?
True
Is 407 a factor of 16209579?
False
Is 950 a factor of 355883300?
True
Does 15 divide 165750165?
True
Is 161 a factor of 3317569?
False
Is 77956989 a multiple of 45?
False
Is 16 a factor of 618962088?
False
Does 8 divide 34947251?
False
Does 6 divide 2586566538?
True
Is 10 a factor of 4995139?
False
Is 148495 a multiple of 24?
False
Is 14471 a factor of 3010352930?
False
Does 66 divide 51817947?
False
Is 884237480 a multiple of 3466?
False
Is 1037988016 a multiple of 104?
True
Does 125 divide 489995375?
True
Is 8 a factor of 4405037476?
False
Is 1980475348 a multiple of 1341?
False
Is 300888783 a multiple of 20?
False
Does 10037 divide 2206938027?
False
Does 28 divide 102176675?
False
Does 968 divide 221425073?
False
Does 166 divide 5891677?
False
Does 3281 divide 133608882?
True
Does 18 divide 962580168?
True
Is 329 a factor of 1687770?
True
Is 72086717 a multiple of 2831?
False
Does 2118 divide 394911690?
True
Is 965348839 a multiple of 51?
False
Does 11 divide 191564501?
False
Is 94809960 a multiple of 35?
True
Is 1454 a factor of 12621781?
False
Is 51 a factor of 245923581?
True
Is 8603940 a multiple of 30?
True
Is 6116 a factor of 255651090?
False
Is 2062 a factor of 1884000171?
False
Does 218 divide 113295313?
False
Is 1179 a factor of 39388563?
False
Is 100866744 a multiple of 9?
True
Is 19595530 a multiple of 398?
True
Does 4 divide 37878256?
True
Is 33205329 a multiple of 9?
True
Is 705 a factor of 3724546?
False
Is 108079037 a multiple of 2827?
True
Is 5920597 a multiple of 65?
False
Is 34574770 a multiple of 44?
False
Does 8 divide 15549660?
False
Does 150 divide 377737289?
False
Is 59147475 a multiple of 391?
False
Is 67141249 even?
False
Does 181 divide 83078638?
True
Does 29 divide 2202571?
False
Is 50 a factor of 151700050?
True
Is 915 a factor of 6870735?
True
Does 187 divide 709985144?
True
Is 307 a factor of 9828227?
False
Is 11 a factor of 18088544?
False
Does 3 divide 975813?
True
Is 25 a factor of 80531225?
True
Is 13 a factor of 82098640?
True
Is 4375948890 a multiple of 393?
True
Is 190943519 a multiple of 296?
False
Is 1225 a factor of 3658106?
False
Does 45 divide 10727227?
False
Is 941648848 a multiple of 112?
True
Is 3303943953 a multiple of 27?
False
Is 49698176 a multiple of 486?
False
Does 184 divide 140735160?
True
Is 26 a factor of 157365356?
False
Is 4239 a factor of 68985486?
True
Does 69 divide 27056369?
False
Is 23 a factor of 195537329?
True
Does 65 divide 1973908781?
False
Is 7360944 a multiple of 6?
True
Does 12 divide 3196205?
False
Is 276445878 a multiple of 529?
True
Is 167 a factor of 687086263?
True
Does 103 divide 2622850195?
True
Is 2368 a factor of 256428352?
True
Is 2971837 a multiple of 55?
False
Is 1860690163 a multiple of 32?
False
Is 494860978 a multiple of 433?
True
Is 84524724 a multiple of 3404?
True
Is 371009465 a multiple of 3536?
False
Does 27 divide 17517114?
True
Does 229 divide 3640351628?
True
Is 47 a factor of 5841019?
True
Is 87013882 a multiple of 361?
False
Is 69651954 a multiple of 446?
False
Is 344656725 a multiple of 105?
True
Is 5437 a factor of 70092283?
False
Does 226 divide 2023334743?
False
Is 8125837447 a multiple of 97?
False
Does 79 divide 46395742?
False
Is 144151903 a multiple of 121?
False
Is 310632570 a multiple of 162?
True
Does 65 divide 80792270?
True
Is 9893728 a multiple of 544?
True
Is 523081790 a multiple of 14?
True
Is 381 a factor of 717153025?
False
Is 818 a factor of 393475178?
True
Does 1388 divide 295595420?
True
Is 131569596 a multiple of 102?
True
Does 453 divide 399222673?
False
Is 63 a factor of 91829643?
False
Is 59957000 a multiple of 125?
True
Does 1550 divide 57058531?
False
Does 24 divide 121170720?
True
Is 1013 a factor of 94135051?
True
Does 415 divide 66385680?
False
Is 3993 a factor of 897670323?
True
Is 18550308 a multiple of 326?
False
Is 64271184 a multiple of 47?
True
Is 72497378 a multiple of 513?
False
Is 62418666 a multiple of 218?
False
Is 175 a factor of 29604713?
False
Is 2406 a factor of 411878328?
True
Is 2564097460 a multiple of 1131?
False
Is 69 a factor of 72208612?
False
Does 1661 divide 739188142?
False
Does 1809 divide 1167841090?
False
Is 4 a factor of 6798072?
True
Is 1125793191 a multiple of 5513?
True
Is 29106744 a multiple of 15?
False
Is 9708435 a multiple of 1815?
True
Does 20 divide 3407530030?
False
Does 5178 divide 748364952?
False
Is 3 a factor of 31779403?
False
Is 2762747839 a multiple of 7045?
False
Does 50 divide 29052439?
False
Is 94179632 a multiple of 22?
False
Is 1509973760 a multiple of 8290?
True
Does 3513 divide 721174821?
False
Does 63 divide 1312791921?
True
Is 10 a factor of 29963409?
False
Is 137966652 a multiple of 972?
True
Is 17612 a factor of 6010780249?
False
Does 13 divide 56345336?
False
Is 147 a factor of 46893294?
True
Does 346 divide 80777847?
False
Does 171 divide 993753?
False
Is 29 a factor of 92000122?
True
Is 15981299 a multiple of 37?
True
Is 572869635 a multiple of 7?
False
Does 149 divide 7070944?
True
Is 197 a factor of 170492117?
False
Is 21829258 a multiple of 374?
True
Is 114 a factor of 3733942?
False
Is 246 a factor of 254648338?
False
Is 1092999775 a multiple of 25?
True
Is 3 a factor of 31997180?
False
Is 66521664 a multiple of 64?
True
Is 584350430 a multiple of 10?
True
Does 63 divide 21364749?
True
Does 62 divide 34004724?
False
Does 12 divide 212355468?
True
Is 270 a factor of 112448520?
True
Does 452 divide 114313866?
False
Is 9775586 a multiple of 26?
False
Is 981190845 a multiple of 45?
True
Does 20 divide 183921861?
False
Is 34379436 a multiple of 112?
False
Is 101 a factor of 129480990?
True
Is 23 a factor of 47119335?
False
Is 176752719 a multiple of 11?
True
Is 119289220 a multiple of 265?
True
Is 54 a factor of 3944017303?
False
Is 396044924 a multiple of 22?
True
Does 3 divide 341529?
True
Is 444 a factor of 236352027?
False
Does 261 divide 310949192?
False
Is 17553648 a multiple of 5?
False
Is 2215081068 a multiple of 39?
False
Is 287 a factor of 2336731901?
True
Is 15 a factor of 15905722?
False
Is 43 a factor of 8183373?
True
Is 256 a factor of 281510387?
False
Does 46 divide 3454079?
False
Does 1762 divide 38040022?
False
Is 18276624 a multiple of 216?
True
Is 6929 a factor of 139430433?
False
Is 12 a factor of 870556736?
False
Does 3679 divide 157016041?
True
Is 1675 a factor of 2848149900?
True
Is 2595 a factor of 11493255?
True
Is 5006 a factor of 239672262?
True
Is 910 a factor of 108375540?
True
Is 131 a factor of 19582405?
False
Is 2339372225 a multiple of 475?
False
Is 31900029 a multiple of 1712?
False
Is 226 a factor of 252291597?
Fals